ple of 787?
True
Is 28 a factor of 478968?
True
Is 602 a factor of 715778?
True
Is 448144 a multiple of 296?
True
Does 10 divide 96401?
False
Is 1677912 a multiple of 24?
True
Does 1697 divide 4494696?
False
Is 74181 a multiple of 3?
True
Is 10 a factor of 467191?
False
Is 40 a factor of 121480?
True
Does 60 divide 910786?
False
Does 11 divide 11006039?
True
Does 14 divide 693801?
False
Does 16 divide 3910384?
True
Is 19 a factor of 35828?
False
Does 3 divide 32625?
True
Is 614349 a multiple of 64?
False
Is 134 a factor of 868588?
True
Does 185 divide 3671510?
True
Is 16 a factor of 160158?
False
Does 2 divide 2285650?
True
Is 1091149 a multiple of 67?
False
Is 33 a factor of 250209?
False
Is 8 a factor of 22060?
False
Is 87486 a multiple of 75?
False
Is 12412795 a multiple of 5?
True
Is 9183103 a multiple of 27?
False
Does 6 divide 2229624?
True
Is 160222 a multiple of 23?
False
Does 30 divide 8105090?
False
Is 12 a factor of 132030?
False
Does 78 divide 490832?
False
Is 2162922 a multiple of 654?
False
Does 227 divide 105555?
True
Is 25 a factor of 124099?
False
Is 50 a factor of 118683?
False
Is 102446 a multiple of 17?
False
Is 320181 a multiple of 9?
False
Does 5 divide 211816?
False
Is 5532884 a multiple of 112?
False
Does 1403 divide 3863181?
False
Does 159 divide 2222744?
False
Is 49 a factor of 242787?
False
Is 231731 a multiple of 7?
False
Does 36 divide 518551?
False
Does 84 divide 1059114?
False
Does 10 divide 164386?
False
Is 3623292 a multiple of 1540?
False
Does 14 divide 228530?
False
Does 61 divide 861593?
False
Is 867377 a multiple of 76?
False
Is 987 a factor of 273038?
False
Does 13 divide 68689?
False
Is 1967832 a multiple of 8?
True
Does 13 divide 101803?
True
Is 26 a factor of 1926522?
True
Is 751072 a multiple of 11?
False
Is 11184 a multiple of 5?
False
Is 448526 a multiple of 113?
False
Is 78 a factor of 614773?
False
Is 3 a factor of 74881?
False
Does 40 divide 1569160?
True
Is 79905 a multiple of 23?
False
Does 99 divide 1297341?
False
Does 92 divide 48668?
True
Is 22 a factor of 263538?
True
Is 7 a factor of 4281207?
True
Is 13 a factor of 17352374?
True
Does 5 divide 928175?
True
Is 10 a factor of 4193760?
True
Is 3579447 a multiple of 29?
False
Is 27 a factor of 47203?
False
Is 5292861 a multiple of 57?
False
Is 94879 a multiple of 542?
False
Is 13 a factor of 86272?
False
Is 29752 a multiple of 8?
True
Does 1404 divide 7227792?
True
Is 8 a factor of 28833?
False
Is 44700 a multiple of 75?
True
Is 158341 a multiple of 20?
False
Does 125 divide 226000?
True
Is 18 a factor of 8690?
False
Does 10 divide 304934?
False
Does 42 divide 110177?
False
Does 63 divide 24994889?
False
Is 468240 a multiple of 60?
True
Is 439051 a multiple of 8?
False
Is 220 a factor of 867240?
True
Is 9 a factor of 98992?
False
Does 112 divide 375991?
False
Is 189826 a multiple of 49?
True
Does 2 divide 53947?
False
Does 5 divide 326572?
False
Is 8 a factor of 57108?
False
Is 5605441 a multiple of 127?
False
Is 12 a factor of 973128?
True
Is 232 a factor of 4160456?
True
Is 12 a factor of 164484?
True
Is 10 a factor of 728979?
False
Does 197 divide 58397?
False
Does 294 divide 13469?
False
Does 194 divide 274270?
False
Does 295 divide 5412470?
False
Is 76 a factor of 547808?
True
Is 43 a factor of 137487?
False
Is 459240 a multiple of 24?
True
Is 14939 a multiple of 7?
False
Is 133 a factor of 279034?
True
Is 171585 a multiple of 31?
True
Is 566692 a multiple of 14?
True
Is 10 a factor of 130660?
True
Is 829600 a multiple of 68?
True
Is 68 a factor of 142227?
False
Is 620964 a multiple of 36?
True
Is 512353 a multiple of 28?
False
Is 354530 a multiple of 5?
True
Does 205 divide 2842940?
True
Is 959 a factor of 2128021?
True
Is 3922609 a multiple of 46?
False
Is 236082 a multiple of 45?
False
Is 561050 a multiple of 35?
True
Is 25834 a multiple of 5?
False
Is 1231983 a multiple of 16?
False
Is 31803 a multiple of 31?
False
Is 94940 a multiple of 404?
True
Is 101836 a multiple of 7?
True
Does 46 divide 723994?
True
Is 326340 a multiple of 9?
True
Does 7 divide 74657?
False
Is 175519 a multiple of 30?
False
Is 444885 a multiple of 57?
True
Is 13 a factor of 66924?
True
Is 528336 a multiple of 18?
True
Is 85846 a multiple of 3?
False
Is 421575 a multiple of 275?
True
Does 11 divide 1267627?
False
Does 10 divide 2635200?
True
Is 274484 a multiple of 8?
False
Is 13 a factor of 5811169?
True
Is 3000480 a multiple of 28?
True
Is 70839 a multiple of 49?
False
Is 1549 a multiple of 13?
False
Is 31 a factor of 434156?
False
Is 409 a factor of 4012290?
True
Is 139 a factor of 542517?
True
Does 88 divide 92048?
True
Does 283 divide 128199?
True
Does 102 divide 39743688?
True
Does 396 divide 932976?
True
Is 451479 a multiple of 20?
False
Is 41703 a multiple of 55?
False
Does 226 divide 236271?
False
Is 246654 a multiple of 213?
True
Does 14 divide 102662?
True
Is 3 a factor of 62469?
True
Is 38 a factor of 4756574?
True
Is 23 a factor of 6923?
True
Does 22 divide 3956722?
True
Does 140 divide 248920?
True
Does 50 divide 178600?
True
Is 1161100 a multiple of 34?
True
Is 5 a factor of 8272?
False
Is 168 a factor of 236880?
True
Is 394054 a multiple of 71?
False
Is 3261537 a multiple of 476?
False
Is 144620 a multiple of 11?
False
Does 325 divide 309594?
False
Does 359 divide 2296523?
True
Does 17 divide 9735440?
False
Does 10 divide 3800319?
False
Is 8631473 a multiple of 29?
True
Does 12 divide 374891?
False
Is 26939 a multiple of 11?
True
Does 83 divide 4881937?
False
Is 6842679 a multiple of 228?
False
Is 98 a factor of 10780?
True
Is 645120 a multiple of 63?
True
Is 316400 a multiple of 200?
True
Is 1248659 a multiple of 777?
False
Is 838 a factor of 9099819?
False
Does 792 divide 7327584?
True
Is 38 a factor of 22724?
True
Is 72 a factor of 4557456?
True
Is 248910 a multiple of 5?
True
Is 4 a factor of 1282411?
False
Is 650204 a multiple of 174?
False
Does 259 divide 398098?
False
Is 27 a factor of 215887?
False
Does 27 divide 487269?
True
Does 180 divide 2496362?
False
Does 5 divide 3028?
False
Does 28 divide 175665?
False
Is 70 a factor of 463414?
False
Is 25652574 a multiple of 17?
False
Is 137 a factor of 363735?
True
Is 14 a factor of 4145723?
False
Does 669 divide 1106460?
False
Is 232492 a multiple of 52?
True
Does 248 divide 28455680?
False
Is 4249141 a multiple of 408?
False
Is 28475 a multiple of 94?
False
Is 1601 a factor of 10861184?
True
Is 235 a factor of 105515?
True
Is 885266 a multiple of 181?
False
Does 4 divide 198124?
True
Is 42 a factor of 232119?
False
Does 9 divide 211211?
False
Is 13 a factor of 1075724?
True
Does 23 divide 205574?
True
Does 10 divide 1545300?
True
Is 129 a factor of 125388?
True
Does 19 divide 689491?
True
Is 31 a factor of 2524299?
True
Does 35 divide 208976?
False
Does 5 divide 4588?
False
Does 345 divide 1152990?
True
Is 2568265 a multiple of 35?
True
Is 69 a factor of 2326680?
True
Does 67 divide 186387?
False
Is 437 a factor of 58061?
False
Is 20 a factor of 1087640?
True
Does 14 divide 2472295?
False
Is 25824 a multiple of 332?
False
Is 18 a factor of 7696440?
True
Does 88 divide 531454?
False
Is 55155 a multiple of 421?
False
Is 399679 a multiple of 95?
False
Is 12 a factor of 2224372?
False
Is 383732 a multiple of 4?
True
Is 38 a factor of 1360172?
True
Is 85 a factor of 428542?
False
Is 527 a factor of 889436?
False
Is 2265061 a multiple of 809?
False
Is 364950 a multiple of 8?
False
Is 48789 a multiple of 117?
True
Does 154 divide 2108712?
False
Does 42 divide 303636?
False
Does 313 divide 289404?
False
Does 42 divide 1322622?
True
Does 448 divide 638339?
False
Is 206677 a multiple of 31?
True
Is 35807 a multiple of 4?
False
Is 339462 a multiple of 6?
True
Is 14081125 a multiple of 28?
False
Does 76 divide 169328?
True
Is 31 a factor of 2400369?
False
Does 65 divide 7075965?
True
Does 15 divide 114405?
True
Does 4 divide 232848?
True
Does 83 divide 4439504?
True
Is 4054787 a multiple of 1354?
False
Is 12843 even?
False
Is 2669155 a multiple of 447?
False
Is 108 a factor of 4417848?
True
Is 2065549 a multiple of 4?
False
Is 18 a factor of 32226?
False
Is 6 a factor of 639970?
False
Does 20 divide 539522?
False
Is 136 a factor of 453518?
False
Is 99 a factor of 445302?
True
Does 1004 divide 1213248?